{"id":11,"date":"2026-02-12T14:59:52","date_gmt":"2026-02-12T17:59:52","guid":{"rendered":"https:\/\/www.playcity.com.ar\/?page_id=11"},"modified":"2026-03-04T16:33:04","modified_gmt":"2026-03-04T19:33:04","slug":"inicio","status":"publish","type":"page","link":"https:\/\/www.playcity.com.ar\/","title":{"rendered":"Inicio"},"content":{"rendered":"<section class=\"wpb-content-wrapper\"><p>[vc_row css=&#8221;.vc_custom_1770985871212{margin-top: 25px !important;margin-bottom: 25px !important;}&#8221;][vc_column]\t\t<div class=\"slick grid  style2 standard-style\" data-columns=\"1\" data-navigation=\"\" data-pagination=\"\" data-autoplay=\"false\">\n\t\t\t\t\t\t\t\t<div class=\"row \"><div class=\"small-12 columns\"><div class=\"row\">\t\t\t<div class=\"small-12 large-6 columns\"><div class=\"post post-overlay large-padding center-title post-88 type-post status-publish format-standard has-post-thumbnail hentry category-general\">\n\t<figure class=\"post-gallery\">\n\t\t<a href=\"https:\/\/www.playcity.com.ar\/?p=88\" rel=\"bookmark\" title=\"El Gobierno porte\u00f1o crea un programa de capacitaci\u00f3n y empleo\">\n\t\t\t\t\t\t<img loading=\"lazy\" decoding=\"async\" width=\"640\" height=\"427\" src=\"https:\/\/www.playcity.com.ar\/wp-content\/uploads\/2026\/04\/Empleo-20x16.jpg\" class=\"attachment-goodlife-grid-2x size-goodlife-grid-2x thb-lazyload lazyload wp-post-image\" alt=\"\" sizes=\"auto, (max-width: 640px) 100vw, 640px\" data-src=\"https:\/\/www.playcity.com.ar\/wp-content\/uploads\/2026\/04\/Empleo-640x427.jpg\" data-sizes=\"auto\" data-srcset=\"https:\/\/www.playcity.com.ar\/wp-content\/uploads\/2026\/04\/Empleo-640x427.jpg 640w, https:\/\/www.playcity.com.ar\/wp-content\/uploads\/2026\/04\/Empleo-20x14.jpg 20w\" \/>\t\t<\/a>\n\n\t\t<header class=\"post-title entry-header\">\n\t\t\t\t\t\t<div class=\"post-category\"><a href=\"https:\/\/www.playcity.com.ar\/?cat=1\" class=\"single_category_title boxed-link category-boxed-link-1\" title=\"General\">General<\/a> <\/div>\n\t\t\t<h3 class=\"entry-title\" itemprop=\"name headline\"><a href=\"https:\/\/www.playcity.com.ar\/?p=88\" title=\"El Gobierno porte\u00f1o crea un programa de capacitaci\u00f3n y empleo\">El Gobierno porte\u00f1o crea un programa de capacitaci\u00f3n y empleo<\/a><\/h3>\t\t\t\t<aside class=\"post-bottom-meta\">\n\t\t\t\t\t\t\t\t\t\t\t\t<\/aside>\n\t\t\t\t\t\t\t\t\t\t\t\t<\/header>\n\n\t<\/figure>\n<\/div><\/div>\t\t\t\t\t\t\t\t\t\t\t\t\t\t\t\t\t\t\t\t<div class=\"small-12 large-6 columns\"><div class=\"post post-overlay large-padding center-title post-85 type-post status-publish format-standard has-post-thumbnail hentry category-general\">\n\t<figure class=\"post-gallery\">\n\t\t<a href=\"https:\/\/www.playcity.com.ar\/?p=85\" rel=\"bookmark\" title=\"La Ciudad har\u00e1 viviendas para familias de clase media y polic\u00edas en un predio que estuvo usurpado\">\n\t\t\t\t\t\t<img loading=\"lazy\" decoding=\"async\" width=\"640\" height=\"540\" src=\"https:\/\/www.playcity.com.ar\/wp-content\/uploads\/2026\/04\/Policia-20x16.jpeg\" class=\"attachment-goodlife-grid-2x size-goodlife-grid-2x thb-lazyload lazyload wp-post-image\" alt=\"\" sizes=\"auto, (max-width: 640px) 100vw, 640px\" data-src=\"https:\/\/www.playcity.com.ar\/wp-content\/uploads\/2026\/04\/Policia-640x540.jpeg\" data-sizes=\"auto\" data-srcset=\"https:\/\/www.playcity.com.ar\/wp-content\/uploads\/2026\/04\/Policia-640x540.jpeg 640w, https:\/\/www.playcity.com.ar\/wp-content\/uploads\/2026\/04\/Policia-320x270.jpeg 320w, https:\/\/www.playcity.com.ar\/wp-content\/uploads\/2026\/04\/Policia-20x16.jpeg 20w\" \/>\t\t<\/a>\n\n\t\t<header class=\"post-title entry-header\">\n\t\t\t\t\t\t<div class=\"post-category\"><a href=\"https:\/\/www.playcity.com.ar\/?cat=1\" class=\"single_category_title boxed-link category-boxed-link-1\" title=\"General\">General<\/a> <\/div>\n\t\t\t<h3 class=\"entry-title\" itemprop=\"name headline\"><a href=\"https:\/\/www.playcity.com.ar\/?p=85\" title=\"La Ciudad har\u00e1 viviendas para familias de clase media y polic\u00edas en un predio que estuvo usurpado\">La Ciudad har\u00e1 viviendas para familias de clase media y polic\u00edas en un predio que estuvo usurpado<\/a><\/h3>\t\t\t\t<aside class=\"post-bottom-meta\">\n\t\t\t\t\t\t\t\t\t\t\t\t<\/aside>\n\t\t\t\t\t\t\t\t\t\t\t\t<\/header>\n\n\t<\/figure>\n<\/div><\/div>\t\t\t<\/div><div class=\"row\">\t\t\t\t\t\t\t\t\t\t\t\t\t\t\t\t\t\t\t\t\t\t\t<div class=\"small-12 medium-12 large-4 columns\"><div class=\"post post-overlay large-padding center-title post-82 type-post status-publish format-standard has-post-thumbnail hentry category-general tag-jorge-macri\">\n\t<figure class=\"post-gallery\">\n\t\t<a href=\"https:\/\/www.playcity.com.ar\/?p=82\" rel=\"bookmark\" title=\"Los vecinos tendr\u00e1n prioridad frente a los bonaerenses y extranjeros en todos los servicios que da la Ciudad\">\n\t\t\t\t\t\t<img loading=\"lazy\" decoding=\"async\" width=\"640\" height=\"540\" src=\"https:\/\/www.playcity.com.ar\/wp-content\/uploads\/2026\/04\/Ciudad-20x16.jpg\" class=\"attachment-goodlife-grid-2x size-goodlife-grid-2x thb-lazyload lazyload wp-post-image\" alt=\"\" sizes=\"auto, (max-width: 640px) 100vw, 640px\" data-src=\"https:\/\/www.playcity.com.ar\/wp-content\/uploads\/2026\/04\/Ciudad-640x540.jpg\" data-sizes=\"auto\" data-srcset=\"https:\/\/www.playcity.com.ar\/wp-content\/uploads\/2026\/04\/Ciudad-640x540.jpg 640w, https:\/\/www.playcity.com.ar\/wp-content\/uploads\/2026\/04\/Ciudad-320x270.jpg 320w, https:\/\/www.playcity.com.ar\/wp-content\/uploads\/2026\/04\/Ciudad-20x16.jpg 20w\" \/>\t\t<\/a>\n\n\t\t<header class=\"post-title entry-header\">\n\t\t\t\t\t\t<div class=\"post-category\"><a href=\"https:\/\/www.playcity.com.ar\/?cat=1\" class=\"single_category_title boxed-link category-boxed-link-1\" title=\"General\">General<\/a> <\/div>\n\t\t\t<h4 class=\"entry-title\" itemprop=\"name headline\"><a href=\"https:\/\/www.playcity.com.ar\/?p=82\" title=\"Los vecinos tendr\u00e1n prioridad frente a los bonaerenses y extranjeros en todos los servicios que da la Ciudad\">Los vecinos tendr\u00e1n prioridad frente a los bonaerenses y extranjeros en todos los servicios que da la Ciudad<\/a><\/h4>\t\t\t\t<aside class=\"post-bottom-meta\">\n\t\t\t\t\t\t\t\t\t\t\t\t<\/aside>\n\t\t\t\t\t\t\t\t\t\t\t\t<\/header>\n\n\t<\/figure>\n<\/div><\/div>\t\t\t\t\t\t\t\t\t\t\t\t\t\t\t\t\t\t\t\t<div class=\"small-12 medium-12 large-4 columns\"><div class=\"post post-overlay large-padding center-title post-92 type-post status-publish format-standard has-post-thumbnail hentry category-general\">\n\t<figure class=\"post-gallery\">\n\t\t<a href=\"https:\/\/www.playcity.com.ar\/?p=92\" rel=\"bookmark\" title=\"Villa Crespo se prepara para una nueva edici\u00f3n del Circuito Outlets\">\n\t\t\t\t\t\t<img loading=\"lazy\" decoding=\"async\" width=\"640\" height=\"427\" src=\"https:\/\/www.playcity.com.ar\/wp-content\/uploads\/2026\/04\/Crespo-20x16.jpg\" class=\"attachment-goodlife-grid-2x size-goodlife-grid-2x thb-lazyload lazyload wp-post-image\" alt=\"\" sizes=\"auto, (max-width: 640px) 100vw, 640px\" data-src=\"https:\/\/www.playcity.com.ar\/wp-content\/uploads\/2026\/04\/Crespo-640x427.jpg\" data-sizes=\"auto\" data-srcset=\"https:\/\/www.playcity.com.ar\/wp-content\/uploads\/2026\/04\/Crespo-640x427.jpg 640w, https:\/\/www.playcity.com.ar\/wp-content\/uploads\/2026\/04\/Crespo-20x14.jpg 20w\" \/>\t\t<\/a>\n\n\t\t<header class=\"post-title entry-header\">\n\t\t\t\t\t\t<div class=\"post-category\"><a href=\"https:\/\/www.playcity.com.ar\/?cat=1\" class=\"single_category_title boxed-link category-boxed-link-1\" title=\"General\">General<\/a> <\/div>\n\t\t\t<h4 class=\"entry-title\" itemprop=\"name headline\"><a href=\"https:\/\/www.playcity.com.ar\/?p=92\" title=\"Villa Crespo se prepara para una nueva edici\u00f3n del Circuito Outlets\">Villa Crespo se prepara para una nueva edici\u00f3n del Circuito Outlets<\/a><\/h4>\t\t\t\t<aside class=\"post-bottom-meta\">\n\t\t\t\t\t\t\t\t\t\t\t\t<\/aside>\n\t\t\t\t\t\t\t\t\t\t\t\t<\/header>\n\n\t<\/figure>\n<\/div><\/div>\t\t\t\t\t\t\t\t\t\t\t\t\t\t\t\t\t\t\t\t<div class=\"small-12 medium-12 large-4 columns\"><div class=\"post post-overlay large-padding center-title post-96 type-post status-publish format-standard has-post-thumbnail hentry category-general\">\n\t<figure class=\"post-gallery\">\n\t\t<a href=\"https:\/\/www.playcity.com.ar\/?p=96\" rel=\"bookmark\" title=\"\u00bfC\u00f3mo es el plan integral para restaurar la emblem\u00e1tica casona del Jard\u00edn de la Ciudad?\">\n\t\t\t\t\t\t<img loading=\"lazy\" decoding=\"async\" width=\"640\" height=\"427\" src=\"https:\/\/www.playcity.com.ar\/wp-content\/uploads\/2026\/04\/Botainico-20x16.jpeg\" class=\"attachment-goodlife-grid-2x size-goodlife-grid-2x thb-lazyload lazyload wp-post-image\" alt=\"\" sizes=\"auto, (max-width: 640px) 100vw, 640px\" data-src=\"https:\/\/www.playcity.com.ar\/wp-content\/uploads\/2026\/04\/Botainico-640x427.jpeg\" data-sizes=\"auto\" data-srcset=\"https:\/\/www.playcity.com.ar\/wp-content\/uploads\/2026\/04\/Botainico-640x427.jpeg 640w, https:\/\/www.playcity.com.ar\/wp-content\/uploads\/2026\/04\/Botainico-20x14.jpeg 20w\" \/>\t\t<\/a>\n\n\t\t<header class=\"post-title entry-header\">\n\t\t\t\t\t\t<div class=\"post-category\"><a href=\"https:\/\/www.playcity.com.ar\/?cat=1\" class=\"single_category_title boxed-link category-boxed-link-1\" title=\"General\">General<\/a> <\/div>\n\t\t\t<h4 class=\"entry-title\" itemprop=\"name headline\"><a href=\"https:\/\/www.playcity.com.ar\/?p=96\" title=\"\u00bfC\u00f3mo es el plan integral para restaurar la emblem\u00e1tica casona del Jard\u00edn de la Ciudad?\">\u00bfC\u00f3mo es el plan integral para restaurar la emblem\u00e1tica casona del Jard\u00edn de la Ciudad?<\/a><\/h4>\t\t\t\t<aside class=\"post-bottom-meta\">\n\t\t\t\t\t\t\t\t\t\t\t\t<\/aside>\n\t\t\t\t\t\t\t\t\t\t\t\t<\/header>\n\n\t<\/figure>\n<\/div><\/div>\t\t\t<\/div><\/div><\/div>\t\t\t\t\t<\/div>\n  [\/vc_column][\/vc_row][vc_row css=&#8221;.vc_custom_1770985862669{margin-top: 25px !important;margin-bottom: 25px !important;}&#8221;][vc_column]\t\t<div class=\"row posts endcolumn post-grid-style4\" data-loadmore=\"#loadmore-25\" data-rand=\"25\" data-security=\"35a9dfe63f\">\n\t\t\t\n\t\t\t\t\t\t\t\t\t<div class=\"small-6 medium-6 large-3 columns\">\n\t\t\t\t\t\t<div class=\"post style3 style3-alt post-100 type-post status-publish format-standard hentry category-varias\">\n\t\t<div class=\"post-category\"><a href=\"https:\/\/www.playcity.com.ar\/?cat=6\" class=\"single_category_title category-link-6\" title=\"Varias\">Varias<\/a> <\/div>\n\t<header class=\"post-title entry-header\">\n\t\t<h5 class=\"entry-title\" itemprop=\"name headline\"><a href=\"https:\/\/www.playcity.com.ar\/?p=100\" title=\"La historia de la casona del Jard\u00edn Bot\u00e1nico\">La historia de la casona del Jard\u00edn Bot\u00e1nico<\/a><\/h5>\t<\/header>\n\t\t<div class=\"post-content entry-content small\">\n\t\t<p>La casona del Jard\u00edn Bot\u00e1nico fue construida en 1881. Hab\u00eda sido proyectada a\u00f1os antes por&hellip;<\/p>\n\t<\/div>\n\t\t\t<aside class=\"post-bottom-meta\">\n\t\t\t\t\t\t\t\t\t\t\t\t<\/aside>\n\t<\/div>\t\t\t\t\t<\/div>\n\t\t\t\t\t\t\t\n\t\t\t\t\t\t\t\t\t<div class=\"small-6 medium-6 large-3 columns\">\n\t\t\t\t\t\t<div class=\"post style3 style3-alt post-102 type-post status-publish format-standard hentry category-varias\">\n\t\t<div class=\"post-category\"><a href=\"https:\/\/www.playcity.com.ar\/?cat=6\" class=\"single_category_title category-link-6\" title=\"Varias\">Varias<\/a> <\/div>\n\t<header class=\"post-title entry-header\">\n\t\t<h5 class=\"entry-title\" itemprop=\"name headline\"><a href=\"https:\/\/www.playcity.com.ar\/?p=102\" title=\"La restauraci\u00f3n de las esculturas del Jard\u00edn Bot\u00e1nico\">La restauraci\u00f3n de las esculturas del Jard\u00edn Bot\u00e1nico<\/a><\/h5>\t<\/header>\n\t\t<div class=\"post-content entry-content small\">\n\t\t<p>La intervenci\u00f3n sobre la casona del Jard\u00edn Bot\u00e1nico se inscribe en una pol\u00edtica sostenida de&hellip;<\/p>\n\t<\/div>\n\t\t\t<aside class=\"post-bottom-meta\">\n\t\t\t\t\t\t\t\t\t\t\t\t<\/aside>\n\t<\/div>\t\t\t\t\t<\/div>\n\t\t\t\t\t\t\t\n\t\t\t\t\t\t\t\t\t<div class=\"small-6 medium-6 large-3 columns\">\n\t\t\t\t\t\t<div class=\"post style3 style3-alt post-57 type-post status-publish format-standard hentry category-varias tag-festival-refresco\">\n\t\t<div class=\"post-category\"><a href=\"https:\/\/www.playcity.com.ar\/?cat=6\" class=\"single_category_title category-link-6\" title=\"Varias\">Varias<\/a> <\/div>\n\t<header class=\"post-title entry-header\">\n\t\t<h5 class=\"entry-title\" itemprop=\"name headline\"><a href=\"https:\/\/www.playcity.com.ar\/?p=57\" title=\"Festival Refresco en la Ciudad de Buenos Aires\">Festival Refresco en la Ciudad de Buenos Aires<\/a><\/h5>\t<\/header>\n\t\t<div class=\"post-content entry-content small\">\n\t\t<p>Llega la segunda entrega del Festival Refresco 2026, con diez artistas en una misma noche.&hellip;<\/p>\n\t<\/div>\n\t\t\t<aside class=\"post-bottom-meta\">\n\t\t\t\t\t\t\t\t\t\t\t\t<\/aside>\n\t<\/div>\t\t\t\t\t<\/div>\n\t\t\t\t\t\t\t\n\t\t\t\t\t\t\t\t\t<div class=\"small-6 medium-6 large-3 columns\">\n\t\t\t\t\t\t<div class=\"post style3 style3-alt post-13 type-post status-publish format-standard hentry category-varias\">\n\t\t<div class=\"post-category\"><a href=\"https:\/\/www.playcity.com.ar\/?cat=6\" class=\"single_category_title category-link-6\" title=\"Varias\">Varias<\/a> <\/div>\n\t<header class=\"post-title entry-header\">\n\t\t<h5 class=\"entry-title\" itemprop=\"name headline\"><a href=\"https:\/\/www.playcity.com.ar\/?p=13\" title=\"Cinco intendentes bonaerenses se unen para combatir el delito\">Cinco intendentes bonaerenses se unen para combatir el delito<\/a><\/h5>\t<\/header>\n\t\t<div class=\"post-content entry-content small\">\n\t\t<p>Los jefes comunales de Dolores, Castelli, La Costa, General Guido y Tordillo se reunieron con&hellip;<\/p>\n\t<\/div>\n\t\t\t<aside class=\"post-bottom-meta\">\n\t\t\t\t\t\t\t\t\t\t\t\t<\/aside>\n\t<\/div>\t\t\t\t\t<\/div>\n\t\t\t\t\t\t\t\t\t\t\t\t<\/div>\n\n\t[\/vc_column][\/vc_row][vc_row css=&#8221;.vc_custom_1772652641829{margin-bottom: 25px !important;}&#8221;][vc_column][vc_single_image image=&#8221;70&#8243; img_size=&#8221;full&#8221; alignment=&#8221;center&#8221; onclick=&#8221;custom_link&#8221; link=&#8221;http:\/\/buenosaires.gob.ar\/DescubrirBA&#8221;][\/vc_column][\/vc_row][vc_row][vc_column][vc_separator color=&#8221;white&#8221;][\/vc_column][\/vc_row]<\/p>\n<\/section>","protected":false},"excerpt":{"rendered":"<p>[vc_row css=&#8221;.vc_custom_1770985871212{margin-top: 25px !important;margin-bottom: 25px !important;}&#8221;][vc_column][\/vc_column][\/vc_row][vc_row css=&#8221;.vc_custom_1770985862669{margin-top: 25px !important;margin-bottom: 25px !important;}&#8221;][vc_column][\/vc_column][\/vc_row][vc_row css=&#8221;.vc_custom_1772652641829{margin-bottom: 25px !important;}&#8221;][vc_column][vc_single_image image=&#8221;70&#8243;&hellip;<\/p>\n","protected":false},"author":1,"featured_media":0,"parent":0,"menu_order":0,"comment_status":"closed","ping_status":"closed","template":"","meta":{"footnotes":""},"class_list":["post-11","page","type-page","status-publish","hentry"],"_links":{"self":[{"href":"https:\/\/www.playcity.com.ar\/index.php?rest_route=\/wp\/v2\/pages\/11","targetHints":{"allow":["GET"]}}],"collection":[{"href":"https:\/\/www.playcity.com.ar\/index.php?rest_route=\/wp\/v2\/pages"}],"about":[{"href":"https:\/\/www.playcity.com.ar\/index.php?rest_route=\/wp\/v2\/types\/page"}],"author":[{"embeddable":true,"href":"https:\/\/www.playcity.com.ar\/index.php?rest_route=\/wp\/v2\/users\/1"}],"replies":[{"embeddable":true,"href":"https:\/\/www.playcity.com.ar\/index.php?rest_route=%2Fwp%2Fv2%2Fcomments&post=11"}],"version-history":[{"count":19,"href":"https:\/\/www.playcity.com.ar\/index.php?rest_route=\/wp\/v2\/pages\/11\/revisions"}],"predecessor-version":[{"id":73,"href":"https:\/\/www.playcity.com.ar\/index.php?rest_route=\/wp\/v2\/pages\/11\/revisions\/73"}],"wp:attachment":[{"href":"https:\/\/www.playcity.com.ar\/index.php?rest_route=%2Fwp%2Fv2%2Fmedia&parent=11"}],"curies":[{"name":"wp","href":"https:\/\/api.w.org\/{rel}","templated":true}]}}